{"id":30,"date":"2024-09-08T12:25:15","date_gmt":"2024-09-08T10:25:15","guid":{"rendered":"https:\/\/kubask.com\/?page_id=30"},"modified":"2026-03-24T20:58:33","modified_gmt":"2026-03-24T19:58:33","slug":"sobre-nosotros","status":"publish","type":"page","link":"https:\/\/kubask.com\/","title":{"rendered":"Kubask"},"content":{"rendered":"\t\t<div data-elementor-type=\"wp-page\" data-elementor-id=\"30\" class=\"elementor elementor-30\">\n\t\t\t\t<div class=\"elementor-element elementor-element-7c252c6 e-con-full e-flex e-con e-parent\" data-id=\"7c252c6\" data-element_type=\"container\">\n\t\t<div class=\"elementor-element elementor-element-59a57c3 e-con-full e-flex e-con e-child\" data-id=\"59a57c3\" data-element_type=\"container\">\n\t\t<div class=\"elementor-element elementor-element-061993b e-con-full e-flex e-con e-child\" data-id=\"061993b\" data-element_type=\"container\">\n\t\t\t\t<div class=\"elementor-element elementor-element-e6bff4c elementor-widget elementor-widget-image\" data-id=\"e6bff4c\" data-element_type=\"widget\" data-widget_type=\"image.default\">\n\t\t\t\t<div class=\"elementor-widget-container\">\n\t\t\t<style>\/*! elementor - v3.23.0 - 05-08-2024 *\/\n.elementor-widget-image{text-align:center}.elementor-widget-image a{display:inline-block}.elementor-widget-image a img[src$=\".svg\"]{width:48px}.elementor-widget-image img{vertical-align:middle;display:inline-block}<\/style>\t\t\t\t\t\t\t\t\t\t<img fetchpriority=\"high\" decoding=\"async\" width=\"1920\" height=\"1080\" src=\"https:\/\/kubask.com\/wp-content\/uploads\/2024\/09\/19.jpg\" class=\"attachment-full size-full wp-image-77\" alt=\"\" srcset=\"https:\/\/kubask.com\/wp-content\/uploads\/2024\/09\/19.jpg 1920w, https:\/\/kubask.com\/wp-content\/uploads\/2024\/09\/19-300x169.jpg 300w, https:\/\/kubask.com\/wp-content\/uploads\/2024\/09\/19-1024x576.jpg 1024w, https:\/\/kubask.com\/wp-content\/uploads\/2024\/09\/19-768x432.jpg 768w, https:\/\/kubask.com\/wp-content\/uploads\/2024\/09\/19-1536x864.jpg 1536w\" sizes=\"(max-width: 1920px) 100vw, 1920px\" \/>\t\t\t\t\t\t\t\t\t\t\t\t\t<\/div>\n\t\t\t\t<\/div>\n\t\t\t\t<\/div>\n\t\t<div class=\"elementor-element elementor-element-0bf3f5c e-con-full e-flex e-con e-child\" data-id=\"0bf3f5c\" data-element_type=\"container\">\n\t\t\t\t<div class=\"elementor-element elementor-element-d329a1a elementor-widget elementor-widget-image\" data-id=\"d329a1a\" data-element_type=\"widget\" data-widget_type=\"image.default\">\n\t\t\t\t<div class=\"elementor-widget-container\">\n\t\t\t\t\t\t\t\t\t\t\t\t\t<img decoding=\"async\" width=\"1024\" height=\"576\" src=\"https:\/\/kubask.com\/wp-content\/uploads\/2024\/09\/15-1024x576.jpg\" class=\"attachment-large size-large wp-image-73\" alt=\"\" srcset=\"https:\/\/kubask.com\/wp-content\/uploads\/2024\/09\/15-1024x576.jpg 1024w, https:\/\/kubask.com\/wp-content\/uploads\/2024\/09\/15-300x169.jpg 300w, https:\/\/kubask.com\/wp-content\/uploads\/2024\/09\/15-768x432.jpg 768w, https:\/\/kubask.com\/wp-content\/uploads\/2024\/09\/15-1536x864.jpg 1536w, https:\/\/kubask.com\/wp-content\/uploads\/2024\/09\/15.jpg 1920w\" sizes=\"(max-width: 1024px) 100vw, 1024px\" \/>\t\t\t\t\t\t\t\t\t\t\t\t\t<\/div>\n\t\t\t\t<\/div>\n\t\t\t\t<\/div>\n\t\t\t\t<\/div>\n\t\t<div class=\"elementor-element elementor-element-344a8be e-con-full e-flex e-con e-child\" data-id=\"344a8be\" data-element_type=\"container\">\n\t\t\t\t<div class=\"elementor-element elementor-element-d641884 elementor-widget elementor-widget-heading\" data-id=\"d641884\" data-element_type=\"widget\" data-widget_type=\"heading.default\">\n\t\t\t\t<div class=\"elementor-widget-container\">\n\t\t\t<style>\/*! elementor - v3.23.0 - 05-08-2024 *\/\n.elementor-heading-title{padding:0;margin:0;line-height:1}.elementor-widget-heading .elementor-heading-title[class*=elementor-size-]>a{color:inherit;font-size:inherit;line-height:inherit}.elementor-widget-heading .elementor-heading-title.elementor-size-small{font-size:15px}.elementor-widget-heading .elementor-heading-title.elementor-size-medium{font-size:19px}.elementor-widget-heading .elementor-heading-title.elementor-size-large{font-size:29px}.elementor-widget-heading .elementor-heading-title.elementor-size-xl{font-size:39px}.elementor-widget-heading .elementor-heading-title.elementor-size-xxl{font-size:59px}<\/style><h2 class=\"elementor-heading-title elementor-size-default\"><h1 data-start=\"333\" data-end=\"349\"><strong data-start=\"335\" data-end=\"349\">Kubask S.L<\/strong><\/h1>\n<h2 data-start=\"351\" data-end=\"371\"><strong data-start=\"354\" data-end=\"371\">Qui\u00e9nes Somos<\/strong><\/h2>\nKubask S.L es una empresa vasca especializada en comercio internacional, con amplia experiencia en la gesti\u00f3n y desarrollo de operaciones entre Europa y Latinoam\u00e9rica. Facilitamos la entrada, posicionamiento y distribuci\u00f3n de productos en mercados estrat\u00e9gicos, ofreciendo un conocimiento profundo del entorno comercial y una red consolidada de socios locales.<\/h2>\t\t<\/div>\n\t\t\t\t<\/div>\n\t\t\t\t<\/div>\n\t\t\t\t<\/div>\n\t\t<div class=\"elementor-element elementor-element-c894f95 e-flex e-con-boxed e-con e-parent\" data-id=\"c894f95\" data-element_type=\"container\">\n\t\t\t\t\t<div class=\"e-con-inner\">\n\t\t\t\t<div class=\"elementor-element elementor-element-addddba elementor-widget elementor-widget-spacer\" data-id=\"addddba\" data-element_type=\"widget\" data-widget_type=\"spacer.default\">\n\t\t\t\t<div class=\"elementor-widget-container\">\n\t\t\t<style>\/*! elementor - v3.23.0 - 05-08-2024 *\/\n.elementor-column .elementor-spacer-inner{height:var(--spacer-size)}.e-con{--container-widget-width:100%}.e-con-inner>.elementor-widget-spacer,.e-con>.elementor-widget-spacer{width:var(--container-widget-width,var(--spacer-size));--align-self:var(--container-widget-align-self,initial);--flex-shrink:0}.e-con-inner>.elementor-widget-spacer>.elementor-widget-container,.e-con>.elementor-widget-spacer>.elementor-widget-container{height:100%;width:100%}.e-con-inner>.elementor-widget-spacer>.elementor-widget-container>.elementor-spacer,.e-con>.elementor-widget-spacer>.elementor-widget-container>.elementor-spacer{height:100%}.e-con-inner>.elementor-widget-spacer>.elementor-widget-container>.elementor-spacer>.elementor-spacer-inner,.e-con>.elementor-widget-spacer>.elementor-widget-container>.elementor-spacer>.elementor-spacer-inner{height:var(--container-widget-height,var(--spacer-size))}.e-con-inner>.elementor-widget-spacer.elementor-widget-empty,.e-con>.elementor-widget-spacer.elementor-widget-empty{position:relative;min-height:22px;min-width:22px}.e-con-inner>.elementor-widget-spacer.elementor-widget-empty .elementor-widget-empty-icon,.e-con>.elementor-widget-spacer.elementor-widget-empty .elementor-widget-empty-icon{position:absolute;top:0;bottom:0;left:0;right:0;margin:auto;padding:0;width:22px;height:22px}<\/style>\t\t<div class=\"elementor-spacer\">\n\t\t\t<div class=\"elementor-spacer-inner\"><\/div>\n\t\t<\/div>\n\t\t\t\t<\/div>\n\t\t\t\t<\/div>\n\t\t\t\t\t<\/div>\n\t\t\t\t<\/div>\n\t\t<div class=\"elementor-element elementor-element-b2ccc6d e-flex e-con-boxed e-con e-parent\" data-id=\"b2ccc6d\" data-element_type=\"container\">\n\t\t\t\t\t<div class=\"e-con-inner\">\n\t\t\t\t<div class=\"elementor-element elementor-element-8752ca4 elementor-widget elementor-widget-heading\" data-id=\"8752ca4\" data-element_type=\"widget\" data-widget_type=\"heading.default\">\n\t\t\t\t<div class=\"elementor-widget-container\">\n\t\t\t<h2 class=\"elementor-heading-title elementor-size-default\">Misi\u00f3n Principal<\/h2>\t\t<\/div>\n\t\t\t\t<\/div>\n\t\t\t\t<div class=\"elementor-element elementor-element-3b2d38a elementor-widget elementor-widget-text-editor\" data-id=\"3b2d38a\" data-element_type=\"widget\" data-widget_type=\"text-editor.default\">\n\t\t\t\t<div class=\"elementor-widget-container\">\n\t\t\t<style>\/*! elementor - v3.23.0 - 05-08-2024 *\/\n.elementor-widget-text-editor.elementor-drop-cap-view-stacked .elementor-drop-cap{background-color:#69727d;color:#fff}.elementor-widget-text-editor.elementor-drop-cap-view-framed .elementor-drop-cap{color:#69727d;border:3px solid;background-color:transparent}.elementor-widget-text-editor:not(.elementor-drop-cap-view-default) .elementor-drop-cap{margin-top:8px}.elementor-widget-text-editor:not(.elementor-drop-cap-view-default) .elementor-drop-cap-letter{width:1em;height:1em}.elementor-widget-text-editor .elementor-drop-cap{float:left;text-align:center;line-height:1;font-size:50px}.elementor-widget-text-editor .elementor-drop-cap-letter{display:inline-block}<\/style>\t\t\t\t<p>Conectar empresas europeas y latinoamericanas, creando oportunidades de negocio sostenibles a trav\u00e9s de soluciones eficientes de importaci\u00f3n, exportaci\u00f3n y distribuci\u00f3n. Acompa\u00f1amos a nuestros clientes en cada etapa del proceso, garantizando seguridad, agilidad y optimizaci\u00f3n de recursos.<\/p>\t\t\t\t\t\t<\/div>\n\t\t\t\t<\/div>\n\t\t\t\t\t<\/div>\n\t\t\t\t<\/div>\n\t\t<div class=\"elementor-element elementor-element-af99967 e-flex e-con-boxed e-con e-parent\" data-id=\"af99967\" data-element_type=\"container\">\n\t\t\t\t\t<div class=\"e-con-inner\">\n\t\t\t\t<div class=\"elementor-element elementor-element-b097e84 elementor-widget elementor-widget-spacer\" data-id=\"b097e84\" data-element_type=\"widget\" data-widget_type=\"spacer.default\">\n\t\t\t\t<div class=\"elementor-widget-container\">\n\t\t\t\t\t<div class=\"elementor-spacer\">\n\t\t\t<div class=\"elementor-spacer-inner\"><\/div>\n\t\t<\/div>\n\t\t\t\t<\/div>\n\t\t\t\t<\/div>\n\t\t\t\t\t<\/div>\n\t\t\t\t<\/div>\n\t\t<div class=\"elementor-element elementor-element-e7fd052 e-flex e-con-boxed e-con e-parent\" data-id=\"e7fd052\" data-element_type=\"container\">\n\t\t\t\t\t<div class=\"e-con-inner\">\n\t\t\t\t<div class=\"elementor-element elementor-element-fd4848f elementor-widget elementor-widget-heading\" data-id=\"fd4848f\" data-element_type=\"widget\" data-widget_type=\"heading.default\">\n\t\t\t\t<div class=\"elementor-widget-container\">\n\t\t\t<h2 class=\"elementor-heading-title elementor-size-default\">Visi\u00f3n Principal<\/h2>\t\t<\/div>\n\t\t\t\t<\/div>\n\t\t\t\t<div class=\"elementor-element elementor-element-04f61f5 elementor-widget elementor-widget-text-editor\" data-id=\"04f61f5\" data-element_type=\"widget\" data-widget_type=\"text-editor.default\">\n\t\t\t\t<div class=\"elementor-widget-container\">\n\t\t\t\t\t\t\t<p><span class=\"OYPEnA font-feature-liga-off font-feature-clig-off font-feature-calt-off text-decoration-none text-strikethrough-none\">Ser un referente en comercio internacional entre Europa y Latinoam\u00e9rica, destacando por nuestra capacidad de adaptaci\u00f3n a mercados din\u00e1micos y por ofrecer soluciones integrales que impulsen el crecimiento internacional de nuestros clientes.<\/span><\/p>\t\t\t\t\t\t<\/div>\n\t\t\t\t<\/div>\n\t\t\t\t\t<\/div>\n\t\t\t\t<\/div>\n\t\t<div class=\"elementor-element elementor-element-698e265 e-flex e-con-boxed e-con e-parent\" data-id=\"698e265\" data-element_type=\"container\">\n\t\t\t\t\t<div class=\"e-con-inner\">\n\t\t\t\t<div class=\"elementor-element elementor-element-962a060 elementor-widget elementor-widget-spacer\" data-id=\"962a060\" data-element_type=\"widget\" data-widget_type=\"spacer.default\">\n\t\t\t\t<div class=\"elementor-widget-container\">\n\t\t\t\t\t<div class=\"elementor-spacer\">\n\t\t\t<div class=\"elementor-spacer-inner\"><\/div>\n\t\t<\/div>\n\t\t\t\t<\/div>\n\t\t\t\t<\/div>\n\t\t\t\t\t<\/div>\n\t\t\t\t<\/div>\n\t\t<div class=\"elementor-element elementor-element-d57c6e9 e-flex e-con-boxed e-con e-parent\" data-id=\"d57c6e9\" data-element_type=\"container\">\n\t\t\t\t\t<div class=\"e-con-inner\">\n\t\t\t\t<div class=\"elementor-element elementor-element-1068d1c elementor-widget elementor-widget-heading\" data-id=\"1068d1c\" data-element_type=\"widget\" data-widget_type=\"heading.default\">\n\t\t\t\t<div class=\"elementor-widget-container\">\n\t\t\t<h2 class=\"elementor-heading-title elementor-size-default\">Valores Principales<\/h2>\t\t<\/div>\n\t\t\t\t<\/div>\n\t\t\t\t<div class=\"elementor-element elementor-element-8ca20ac elementor-widget elementor-widget-text-editor\" data-id=\"8ca20ac\" data-element_type=\"widget\" data-widget_type=\"text-editor.default\">\n\t\t\t\t<div class=\"elementor-widget-container\">\n\t\t\t\t\t\t\t<p data-start=\"1329\" data-end=\"1359\">En Kubask S.L nos guiamos por:<\/p><ul data-start=\"1361\" data-end=\"1541\"><li data-start=\"1361\" data-end=\"1393\"><p data-start=\"1363\" data-end=\"1393\">Integridad en cada operaci\u00f3n<\/p><\/li><li data-start=\"1394\" data-end=\"1425\"><p data-start=\"1396\" data-end=\"1425\">Transparencia en la gesti\u00f3n<\/p><\/li><li data-start=\"1426\" data-end=\"1458\"><p data-start=\"1428\" data-end=\"1458\">Compromiso con la excelencia<\/p><\/li><li data-start=\"1459\" data-end=\"1494\"><p data-start=\"1461\" data-end=\"1494\">Profesionalidad y rigor t\u00e9cnico<\/p><\/li><li data-start=\"1495\" data-end=\"1541\"><p data-start=\"1497\" data-end=\"1541\">Relaciones comerciales s\u00f3lidas y duraderas<\/p><\/li><\/ul><p>\u00a0<\/p><p data-start=\"1543\" data-end=\"1652\">Nuestro objetivo es construir alianzas estrat\u00e9gicas a largo plazo basadas en la confianza y el valor a\u00f1adido.<\/p>\t\t\t\t\t\t<\/div>\n\t\t\t\t<\/div>\n\t\t\t\t\t<\/div>\n\t\t\t\t<\/div>\n\t\t<div class=\"elementor-element elementor-element-e2b42bd e-flex e-con-boxed e-con e-parent\" data-id=\"e2b42bd\" data-element_type=\"container\">\n\t\t\t\t\t<div class=\"e-con-inner\">\n\t\t\t\t<div class=\"elementor-element elementor-element-f03de94 elementor-widget elementor-widget-spacer\" data-id=\"f03de94\" data-element_type=\"widget\" data-widget_type=\"spacer.default\">\n\t\t\t\t<div class=\"elementor-widget-container\">\n\t\t\t\t\t<div class=\"elementor-spacer\">\n\t\t\t<div class=\"elementor-spacer-inner\"><\/div>\n\t\t<\/div>\n\t\t\t\t<\/div>\n\t\t\t\t<\/div>\n\t\t\t\t<div class=\"elementor-element elementor-element-4831e54 elementor-widget elementor-widget-text-editor\" data-id=\"4831e54\" data-element_type=\"widget\" data-widget_type=\"text-editor.default\">\n\t\t\t\t<div class=\"elementor-widget-container\">\n\t\t\t\t\t\t\t<h2 data-start=\"1659\" data-end=\"1675\"><strong data-start=\"1662\" data-end=\"1675\"><span dir=\"auto\" style=\"vertical-align: inherit;\"><span dir=\"auto\" style=\"vertical-align: inherit;\"><span dir=\"auto\" style=\"vertical-align: inherit;\"><span dir=\"auto\" style=\"vertical-align: inherit;\">Servicios<\/span><\/span><\/span><\/span><\/strong><\/h2><p data-start=\"1677\" data-end=\"1735\"><span dir=\"auto\" style=\"vertical-align: inherit;\"><span dir=\"auto\" style=\"vertical-align: inherit;\"><span dir=\"auto\" style=\"vertical-align: inherit;\"><span dir=\"auto\" style=\"vertical-align: inherit;\">Ofrecemos soluciones integrales en comercio internacional:<\/span><\/span><\/span><\/span><\/p><ul data-start=\"1737\" data-end=\"2023\"><li data-start=\"1737\" data-end=\"1771\"><p data-start=\"1739\" data-end=\"1771\"><span dir=\"auto\" style=\"vertical-align: inherit;\"><span dir=\"auto\" style=\"vertical-align: inherit;\"><span dir=\"auto\" style=\"vertical-align: inherit;\"><span dir=\"auto\" style=\"vertical-align: inherit;\">An\u00e1lisis y estudios de mercado.<\/span><\/span><\/span><\/span><\/p><\/li><li data-start=\"1772\" data-end=\"1830\"><p data-start=\"1774\" data-end=\"1830\"><span dir=\"auto\" style=\"vertical-align: inherit;\"><span dir=\"auto\" style=\"vertical-align: inherit;\"><span dir=\"auto\" style=\"vertical-align: inherit;\"><span dir=\"auto\" style=\"vertical-align: inherit;\">Desarrollo de redes comerciales y b\u00fasqueda de socios.<\/span><\/span><\/span><\/span><\/p><\/li><li data-start=\"1831\" data-end=\"1866\"><p data-start=\"1833\" data-end=\"1866\"><span dir=\"auto\" style=\"vertical-align: inherit;\"><span dir=\"auto\" style=\"vertical-align: inherit;\"><span dir=\"auto\" style=\"vertical-align: inherit;\"><span dir=\"auto\" style=\"vertical-align: inherit;\">Gesti\u00f3n log\u00edstica internacional<\/span><\/span><\/span><\/span><\/p><\/li><li data-start=\"1867\" data-end=\"1905\"><p data-start=\"1869\" data-end=\"1905\"><span dir=\"auto\" style=\"vertical-align: inherit;\"><span dir=\"auto\" style=\"vertical-align: inherit;\"><span dir=\"auto\" style=\"vertical-align: inherit;\"><span dir=\"auto\" style=\"vertical-align: inherit;\">Asesoramiento aduanero y normativo<\/span><\/span><\/span><\/span><\/p><\/li><li data-start=\"1906\" data-end=\"1966\"><p data-start=\"1908\" data-end=\"1966\"><span dir=\"auto\" style=\"vertical-align: inherit;\"><span dir=\"auto\" style=\"vertical-align: inherit;\"><span dir=\"auto\" style=\"vertical-align: inherit;\"><span dir=\"auto\" style=\"vertical-align: inherit;\">Coordinaci\u00f3n de operaciones de importaci\u00f3n y exportaci\u00f3n.<\/span><\/span><\/span><\/span><\/p><\/li><li data-start=\"1967\" data-end=\"2023\"><p data-start=\"1969\" data-end=\"2023\"><span dir=\"auto\" style=\"vertical-align: inherit;\"><span dir=\"auto\" style=\"vertical-align: inherit;\"><span dir=\"auto\" style=\"vertical-align: inherit;\"><span dir=\"auto\" style=\"vertical-align: inherit;\">Apoyo estrat\u00e9gico en marketing y expansi\u00f3n comercial.<\/span><\/span><\/span><\/span><\/p><\/li><\/ul><p data-start=\"2025\" data-end=\"2096\"><span dir=\"auto\" style=\"vertical-align: inherit;\"><span dir=\"auto\" style=\"vertical-align: inherit;\"><span dir=\"auto\" style=\"vertical-align: inherit;\"><span dir=\"auto\" style=\"vertical-align: inherit;\">Dise\u00f1amos estrategias personalizadas adaptadas a cada mercado y sector.<\/span><\/span><\/span><\/span><\/p>\t\t\t\t\t\t<\/div>\n\t\t\t\t<\/div>\n\t\t\t\t\t<\/div>\n\t\t\t\t<\/div>\n\t\t<div class=\"elementor-element elementor-element-69e75b4 e-flex e-con-boxed e-con e-parent\" data-id=\"69e75b4\" data-element_type=\"container\">\n\t\t\t\t\t<div class=\"e-con-inner\">\n\t\t\t\t<div class=\"elementor-element elementor-element-e4170cc elementor-widget elementor-widget-text-editor\" data-id=\"e4170cc\" data-element_type=\"widget\" data-widget_type=\"text-editor.default\">\n\t\t\t\t<div class=\"elementor-widget-container\">\n\t\t\t\t\t\t\t<h2 data-start=\"2103\" data-end=\"2116\"><strong data-start=\"2106\" data-end=\"2116\">Equipo<\/strong><\/h2><p>\u00a0<\/p><p data-start=\"2118\" data-end=\"2391\">Contamos con un equipo multidisciplinar con experiencia en comercio exterior, log\u00edstica internacional y desarrollo de negocios. Nuestra red de colaboradores en Europa y Latinoam\u00e9rica nos permite ofrecer un servicio \u00e1gil, seguro y eficiente en entornos comerciales diversos.<\/p>\t\t\t\t\t\t<\/div>\n\t\t\t\t<\/div>\n\t\t\t\t\t<\/div>\n\t\t\t\t<\/div>\n\t\t<div class=\"elementor-element elementor-element-71375fe e-flex e-con-boxed e-con e-parent\" data-id=\"71375fe\" data-element_type=\"container\">\n\t\t\t\t\t<div class=\"e-con-inner\">\n\t\t\t\t<div class=\"elementor-element elementor-element-374cd96 elementor-widget elementor-widget-text-editor\" data-id=\"374cd96\" data-element_type=\"widget\" data-widget_type=\"text-editor.default\">\n\t\t\t\t<div class=\"elementor-widget-container\">\n\t\t\t\t\t\t\t<h2 data-start=\"2398\" data-end=\"2413\"><strong data-start=\"2401\" data-end=\"2413\">Contacto<\/strong><\/h2>\n<p>Si desea expandir su negocio en mercados europeos o latinoamericanos, p\u00f3ngase en contacto con nosotros. En Kubask S.L le acompa\u00f1amos en cada paso de su expansi\u00f3n internacional..<\/p>\t\t\t\t\t\t<\/div>\n\t\t\t\t<\/div>\n\t\t\t\t\t<\/div>\n\t\t\t\t<\/div>\n\t\t<div class=\"elementor-element elementor-element-df5dfb0 e-flex e-con-boxed e-con e-parent\" data-id=\"df5dfb0\" data-element_type=\"container\">\n\t\t\t\t\t<div class=\"e-con-inner\">\n\t\t\t\t<div class=\"elementor-element elementor-element-5b0a364 elementor-widget elementor-widget-qi_addons_for_elementor_blockquote\" data-id=\"5b0a364\" data-element_type=\"widget\" data-widget_type=\"qi_addons_for_elementor_blockquote.default\">\n\t\t\t\t<div class=\"elementor-widget-container\">\n\t\t\t<div class=\"qodef-shortcode qodef-m  qodef-qi-blockquote qodef-layout--top qodef--\">\n\t\t\t\t<h4 class=\"qodef-m-text\">\n\t\t\t\"La internacionalizaci\u00f3n es nuestra especialidad. Nos encargaremos de todo\"\t\t<\/h4>\n\t<\/div>\n\t\t<\/div>\n\t\t\t\t<\/div>\n\t\t\t\t<div class=\"elementor-element elementor-element-c74037e elementor-widget elementor-widget-heading\" data-id=\"c74037e\" data-element_type=\"widget\" data-widget_type=\"heading.default\">\n\t\t\t\t<div class=\"elementor-widget-container\">\n\t\t\t<h2 class=\"elementor-heading-title elementor-size-default\">- Giraldo Carales, Gerente -<\/h2>\t\t<\/div>\n\t\t\t\t<\/div>\n\t\t\t\t\t<\/div>\n\t\t\t\t<\/div>\n\t\t<div class=\"elementor-element elementor-element-21d7839 e-flex e-con-boxed e-con e-parent\" data-id=\"21d7839\" data-element_type=\"container\">\n\t\t\t\t\t<div class=\"e-con-inner\">\n\t\t\t\t<div class=\"elementor-element elementor-element-0537b73 elementor-widget elementor-widget-spacer\" data-id=\"0537b73\" data-element_type=\"widget\" data-widget_type=\"spacer.default\">\n\t\t\t\t<div class=\"elementor-widget-container\">\n\t\t\t\t\t<div class=\"elementor-spacer\">\n\t\t\t<div class=\"elementor-spacer-inner\"><\/div>\n\t\t<\/div>\n\t\t\t\t<\/div>\n\t\t\t\t<\/div>\n\t\t\t\t\t<\/div>\n\t\t\t\t<\/div>\n\t\t\t\t<\/div>\n\t\t","protected":false},"excerpt":{"rendered":"<p>Kubask S.L Qui\u00e9nes Somos Kubask S.L es una empresa vasca especializada en comercio internacional, con amplia experiencia en la gesti\u00f3n y desarrollo de operaciones entre Europa y Latinoam\u00e9rica. Facilitamos la entrada, posicionamiento y distribuci\u00f3n de productos en mercados estrat\u00e9gicos, ofreciendo un conocimiento profundo del entorno comercial y una red consolidada de socios locales. Misi\u00f3n Principal [&hellip;]<\/p>\n","protected":false},"author":1,"featured_media":0,"parent":0,"menu_order":0,"comment_status":"closed","ping_status":"closed","template":"elementor_header_footer","meta":{"footnotes":""},"class_list":["post-30","page","type-page","status-publish","hentry"],"_links":{"self":[{"href":"https:\/\/kubask.com\/index.php?rest_route=\/wp\/v2\/pages\/30"}],"collection":[{"href":"https:\/\/kubask.com\/index.php?rest_route=\/wp\/v2\/pages"}],"about":[{"href":"https:\/\/kubask.com\/index.php?rest_route=\/wp\/v2\/types\/page"}],"author":[{"embeddable":true,"href":"https:\/\/kubask.com\/index.php?rest_route=\/wp\/v2\/users\/1"}],"replies":[{"embeddable":true,"href":"https:\/\/kubask.com\/index.php?rest_route=%2Fwp%2Fv2%2Fcomments&post=30"}],"version-history":[{"count":14,"href":"https:\/\/kubask.com\/index.php?rest_route=\/wp\/v2\/pages\/30\/revisions"}],"predecessor-version":[{"id":148,"href":"https:\/\/kubask.com\/index.php?rest_route=\/wp\/v2\/pages\/30\/revisions\/148"}],"wp:attachment":[{"href":"https:\/\/kubask.com\/index.php?rest_route=%2Fwp%2Fv2%2Fmedia&parent=30"}],"curies":[{"name":"wp","href":"https:\/\/api.w.org\/{rel}","templated":true}]}}